{"id":4928,"date":"2020-08-31T10:00:27","date_gmt":"2020-08-31T10:00:27","guid":{"rendered":"https:\/\/food-shop.org\/?product=azafran-bio-burger-frikadellen-buletten-oder-hackfleisch-gewuerz-250g"},"modified":"2023-04-05T16:23:12","modified_gmt":"2023-04-05T16:23:12","slug":"azafran-bio-burger-frikadellen-buletten-oder-hackfleisch-gewuerz-250g","status":"publish","type":"product","link":"https:\/\/food-shop.org\/?product=azafran-bio-burger-frikadellen-buletten-oder-hackfleisch-gewuerz-250g","title":{"rendered":"Azafran BIO Burger Frikadellen, Buletten oder Hackfleisch Gew\u00fcrzzubereitung 250g"},"content":{"rendered":"<div class=\"disclaim\">Gr\u00f6\u00dfe:<strong>250 g<\/strong><\/div>\n<p><!-- show up to 2 reviews by default --><\/p>\n<h3>Produktbeschreibungen<\/h3>\n<\/p>\n<p><b>BIO-B\u00fcrger (Frikadellen, Buletten, Fleischpflanzerl) Gew\u00fcrzmischung<\/b>. Die Mischung stammt aus kontrolliertem BIO-Anbau. Unsere Kontrollstelle lautet: DE-\u00d6KO-009<\/p>\n<p>Diese Gew\u00fcrzmischung eignet sich besonders zur Herstellung von Hamburgern, Frikadellen (Buletten oder Fleischpflanzerl). Die Mischung hat eine leichte angenehme Sch\u00e4rfe und kann auch weniger dosiert f\u00fcr Kinderburger verwendet werden.<\/p>\n<p>Verwendung und Dosierung <\/p>\n<ul>\n<li> F\u00fcr 500g Hackfleisch verwenden Sie 1-2 EL Gew\u00fcrzmischung<\/li>\n<li>Probieren Sie die Mischung auch in Hackbraten<\/li>\n<\/ul>\n<p>Zutaten: Paprika*, Salz, Pfeffer*, Roh-Rohrzucker*, Zwiebeln*, Knoblauch*, <b>Senf*<\/b>, Majoran* &#8211; * Bio: \u00d6ko-Kontrollstelle: DE-\u00d6KO-009<\/p>\n<\/p>\n<h3>Inhaltsstoffe \/ Zutaten<\/h3>\n<p>Paprika*, Salz, Pfeffer*, Roh-Rohrzucker*, Zwiebeln*, Knoblauch*, SENF*, Majoran* &#8211; * aus Bio Anbau<\/p>\n<div data-a-expander-name=\"toggle_description\" class=\"a-row a-expander-container a-expander-extend-container\">P.when(&#8218;A&#8216;).execute(function(A) {A.on(&#8218;a:expander:toggle_description:toggle:collapse&#8216;, function(data) {window.scroll(0, data.expander.$expander[0].offsetTop-100);});});<\/p>\n<div class=\"a-expander-content a-expander-extend-content\">\n<h3>Gebrauchsanweisung<\/h3>\n<p>1-2 EL auf 500g Hackfleisch, durchkneten und braten oder grillen. Kann Spuren von SENF, SELLERIE, SESAM und N\u00dcSSEN enthalten.<\/p>\n<\/div>\n<p><a href=\"void(0)\" data-action=\"a-expander-toggle\" class=\"a-expander-header a-declarative a-expander-extend-header\" data-a-expander-toggle=\"{&quot;allowLinkDefault&quot;:true, &quot;expand_prompt&quot;:&quot;Weitere Informationen&quot;, &quot;collapse_prompt&quot;:&quot;Weniger anzeigen&quot;}\"><i class=\"a-icon a-icon-extender-expand\"><\/i><span class=\"a-expander-prompt\">Weitere Informationen<\/span><\/a><\/div>\n<p>BIO-Burger (Frikadellen, Buletten, Fleischpflanzerl) oder Hackfleisch ( Mett bzw. Hackbraten) Gew\u00fcrz 250g<br \/>\nPremium Qualit\u00e4t &#8211; Diese Gew\u00fcrzmischung eignet sich besonders zur Herstellung von Hamburgern, Frikadellen (Buletten oder Fleischpflanzerl). Die Mischung hat eine leichte angenehme Sch\u00e4rfe und kann auch weniger dosiert f\u00fcr Kinderburger verwendet werden.<br \/>\nDie Mischung eignet sich auch f\u00fcr Hackbraten (als Hackgew\u00fcrz) oder Aufl\u00e4ufe.<br \/>\nIm wiederverschlie\u00dfbaren Aromabeutel verpackt! Ohne Zusatz von Geschmacksverst\u00e4rkern und k\u00fcnstlichen Aromen.<br \/>\nZutaten: Paprika*, Salz, Pfeffer*, Roh-Rohrzucker*, Zwiebeln*, Knoblauch*, SENF*, Majoran* &#8211; * Bio: \u00d6ko-Kontrollstelle: DE-\u00d6KO-009<br \/>\n<div class=\"main-cross-sell\" data-asin=\"B01LXQRH8Z\">\n\n\t<div class=\"WooZone-cross-sell-loader\">\n\t\t<div>\n\t\t\t<div id=\"floatingBarsG\">\n\t\t\t\t<div class=\"blockG\" id=\"rotateG_01\"><\/div>\n\t\t\t\t<div class=\"blockG\" id=\"rotateG_02\"><\/div>\n\t\t\t\t<div class=\"blockG\" id=\"rotateG_03\"><\/div>\n\t\t\t\t<div class=\"blockG\" id=\"rotateG_04\"><\/div>\n\t\t\t\t<div class=\"blockG\" id=\"rotateG_05\"><\/div>\n\t\t\t\t<div class=\"blockG\" id=\"rotateG_06\"><\/div>\n\t\t\t\t<div class=\"blockG\" id=\"rotateG_07\"><\/div>\n\t\t\t\t<div class=\"blockG\" id=\"rotateG_08\"><\/div>\n\t\t\t<\/div>\n\t\t\t<div class=\"WooZone-cross-sell-loader-text\"><\/div>\n\t\t<\/div>\n\t<\/div>\n\n\t\t\n<\/div>\n<div style=\"clear:both;\"><\/div>\n","protected":false},"excerpt":{"rendered":"BIO-Burger (Frikadellen, Buletten, Fleischpflanzerl) oder Hackfleisch ( Mett bzw. Hackbraten) Gew\u00fcrz 250g\nPremium Qualit\u00e4t - Diese Gew\u00fcrzmischung eignet sich besonders zur Herstellung von Hamburgern, Frikadellen (Buletten oder Fleischpflanzerl). Die Mischung hat eine leichte angenehme Sch\u00e4rfe und kann auch weniger dosiert f\u00fcr Kinderburger verwendet werden.\nDie Mischung eignet sich auch f\u00fcr Hackbraten (als Hackgew\u00fcrz) oder Aufl\u00e4ufe.","protected":false},"featured_media":4929,"comment_status":"open","ping_status":"closed","template":"","meta":[],"product_cat":[64,54],"product_tag":[],"_links":{"self":[{"href":"https:\/\/food-shop.org\/index.php?rest_route=\/wp\/v2\/product\/4928"}],"collection":[{"href":"https:\/\/food-shop.org\/index.php?rest_route=\/wp\/v2\/product"}],"about":[{"href":"https:\/\/food-shop.org\/index.php?rest_route=\/wp\/v2\/types\/product"}],"replies":[{"embeddable":true,"href":"https:\/\/food-shop.org\/index.php?rest_route=%2Fwp%2Fv2%2Fcomments&post=4928"}],"wp:featuredmedia":[{"embeddable":true,"href":"https:\/\/food-shop.org\/index.php?rest_route=\/wp\/v2\/media\/4929"}],"wp:attachment":[{"href":"https:\/\/food-shop.org\/index.php?rest_route=%2Fwp%2Fv2%2Fmedia&parent=4928"}],"wp:term":[{"taxonomy":"product_cat","embeddable":true,"href":"https:\/\/food-shop.org\/index.php?rest_route=%2Fwp%2Fv2%2Fproduct_cat&post=4928"},{"taxonomy":"product_tag","embeddable":true,"href":"https:\/\/food-shop.org\/index.php?rest_route=%2Fwp%2Fv2%2Fproduct_tag&post=4928"}],"curies":[{"name":"wp","href":"https:\/\/api.w.org\/{rel}","templated":true}]}}