{"id":4887,"date":"2020-08-31T09:59:11","date_gmt":"2020-08-31T09:59:11","guid":{"rendered":"https:\/\/food-shop.org\/?product=1-8-bio-bunte-bentheimer-schwein-freiland-schweinefleisch"},"modified":"2023-04-05T16:23:11","modified_gmt":"2023-04-05T16:23:11","slug":"1-8-bio-bunte-bentheimer-schwein-freiland-schweinefleisch","status":"publish","type":"product","link":"https:\/\/food-shop.org\/?product=1-8-bio-bunte-bentheimer-schwein-freiland-schweinefleisch","title":{"rendered":"1\/8 Freiland aufgestallt"},"content":{"rendered":"<p><!-- show up to 2 reviews by default --><\/p>\n<p>1\/8 Bio Bunte Bentheimer Schweinefleisch. Lose im Beutel, Versand in Pfand K\u00fchlbox, inklusive R\u00fcckporto der K\u00fchlbox. Im Lieferumfang ist enthalten: 1\/8 Schwein mit Schwarte, Konchen und Leber, weitere Innereien und Zunge auf Anfrage kostenlos. 1\/4 Nacken am St\u00fcck c.a. 7 Kotelett geschnitten 1\/4 Schulter am St\u00fcck 3 bis 4 Schnitzel 1 Schinkenbraten ( Schnitzel am St\u00fcck) Eisbein 1\/4 Bauch mit und ohne Rippe Knochen mit Fleisch, Markknochen 1\/4 Flohm Bio und Naturland DE-\u00d6KO-039<\/p>\n<p>1\/8 Bio Bunte Bentheimer Schweinefleisch Bio<br \/>\nDirekt vom Bio Landwirt, vom Schlachter k\u00fcchenfertig zerlegt<br \/>\n3 Braten St\u00fccke von Schulter Nacken und Schinken<br \/>\nKotelett, 3-4 Schnitzel und 1\/4 Filet<br \/>\nBauch, Rippe, Dicke Rippe und 1\/2 Eisbein<br \/>\n<div class=\"main-cross-sell\" data-asin=\"B07JWM1MZ8\">\n\n\t<div class=\"WooZone-cross-sell-loader\">\n\t\t<div>\n\t\t\t<div id=\"floatingBarsG\">\n\t\t\t\t<div class=\"blockG\" id=\"rotateG_01\"><\/div>\n\t\t\t\t<div class=\"blockG\" id=\"rotateG_02\"><\/div>\n\t\t\t\t<div class=\"blockG\" id=\"rotateG_03\"><\/div>\n\t\t\t\t<div class=\"blockG\" id=\"rotateG_04\"><\/div>\n\t\t\t\t<div class=\"blockG\" id=\"rotateG_05\"><\/div>\n\t\t\t\t<div class=\"blockG\" id=\"rotateG_06\"><\/div>\n\t\t\t\t<div class=\"blockG\" id=\"rotateG_07\"><\/div>\n\t\t\t\t<div class=\"blockG\" id=\"rotateG_08\"><\/div>\n\t\t\t<\/div>\n\t\t\t<div class=\"WooZone-cross-sell-loader-text\"><\/div>\n\t\t<\/div>\n\t<\/div>\n\n\t\t\n<\/div>\n<div style=\"clear:both;\"><\/div>\n","protected":false},"excerpt":{"rendered":"1\/8 Bio Bunte Bentheimer Schweinefleisch Bio\nDirekt vom Bio Landwirt, vom Schlachter k\u00fcchenfertig zerlegt\n3 Braten St\u00fccke von Schulter Nacken und Schinken","protected":false},"featured_media":4888,"comment_status":"open","ping_status":"closed","template":"","meta":[],"product_cat":[64,54],"product_tag":[],"_links":{"self":[{"href":"https:\/\/food-shop.org\/index.php?rest_route=\/wp\/v2\/product\/4887"}],"collection":[{"href":"https:\/\/food-shop.org\/index.php?rest_route=\/wp\/v2\/product"}],"about":[{"href":"https:\/\/food-shop.org\/index.php?rest_route=\/wp\/v2\/types\/product"}],"replies":[{"embeddable":true,"href":"https:\/\/food-shop.org\/index.php?rest_route=%2Fwp%2Fv2%2Fcomments&post=4887"}],"wp:featuredmedia":[{"embeddable":true,"href":"https:\/\/food-shop.org\/index.php?rest_route=\/wp\/v2\/media\/4888"}],"wp:attachment":[{"href":"https:\/\/food-shop.org\/index.php?rest_route=%2Fwp%2Fv2%2Fmedia&parent=4887"}],"wp:term":[{"taxonomy":"product_cat","embeddable":true,"href":"https:\/\/food-shop.org\/index.php?rest_route=%2Fwp%2Fv2%2Fproduct_cat&post=4887"},{"taxonomy":"product_tag","embeddable":true,"href":"https:\/\/food-shop.org\/index.php?rest_route=%2Fwp%2Fv2%2Fproduct_tag&post=4887"}],"curies":[{"name":"wp","href":"https:\/\/api.w.org\/{rel}","templated":true}]}}