{"id":4685,"date":"2020-08-31T09:33:58","date_gmt":"2020-08-31T09:33:58","guid":{"rendered":"https:\/\/food-shop.org\/?product=deftiger-gewuerzbauch-landmetzgerei-schiessl-ca-250g"},"modified":"2023-04-05T16:23:09","modified_gmt":"2023-04-05T16:23:09","slug":"deftiger-gewuerzbauch-landmetzgerei-schiessl-ca-250g","status":"publish","type":"product","link":"https:\/\/food-shop.org\/?product=deftiger-gewuerzbauch-landmetzgerei-schiessl-ca-250g","title":{"rendered":"Deftiger Gew\u00fcrzbauch &#8211; Landmetzgerei Schiessl &#8211; ca. 250g"},"content":{"rendered":"<p><!-- show up to 2 reviews by default --><\/p>\n<p>Landmetzger Schiessl&#8217;s deftiger Gew\u00fcrzbauch zeichnet sich durch sein einzigartiges Aroma aus. F\u00fcr seinen vollen Geschmack wird der deftige Gew\u00fcrzbauch zun\u00e4chst gep\u00f6kelt und mit erlesenen Gew\u00fcrzen eingerieben. Anschlie\u00dfend wird er im Hei\u00dfluftgrill gegart. Durch die Verwendung ausgew\u00e4hlter Kr\u00e4uter und Gew\u00fcrze kann sich der Geschmack voll entfalten. Probieren Sie der leckeren Gew\u00fcrzbauch zu einer kalten bayrischen Brotzeit und genie\u00dfen Sie ein einzigartiges Geschmackserlebnis.<\/p>\n<p>Landmetzger Schiessl&#8217;s deftiger Gew\u00fcrzbauch zeichnet sich durch sein einzigartiges Aroma aus. F\u00fcr seinen vollen Geschmack wird der deftige Gew\u00fcrzbauch zun\u00e4chst gep\u00f6kelt und mit erlesenen Gew\u00fcrzen eingerieben. Anschlie\u00dfend wird er im Hei\u00dfluftgrill gegart.<br \/>\nDurch die Verwendung ausgew\u00e4hlter Kr\u00e4uter und Gew\u00fcrze kann sich der Geschmack voll entfalten. Probieren Sie der leckeren Gew\u00fcrzbauch zu einer kalten bayrischen Brotzeit und genie\u00dfen Sie ein einzigartiges Geschmackserlebnis.<br \/>\nSpitzenqualit\u00e4t aus Bayern<br \/>\nEine Bestelleinheit: ca. 250g<br \/>\n<div class=\"main-cross-sell\" data-asin=\"B003WLYC12\">\n\n\t<div class=\"WooZone-cross-sell-loader\">\n\t\t<div>\n\t\t\t<div id=\"floatingBarsG\">\n\t\t\t\t<div class=\"blockG\" id=\"rotateG_01\"><\/div>\n\t\t\t\t<div class=\"blockG\" id=\"rotateG_02\"><\/div>\n\t\t\t\t<div class=\"blockG\" id=\"rotateG_03\"><\/div>\n\t\t\t\t<div class=\"blockG\" id=\"rotateG_04\"><\/div>\n\t\t\t\t<div class=\"blockG\" id=\"rotateG_05\"><\/div>\n\t\t\t\t<div class=\"blockG\" id=\"rotateG_06\"><\/div>\n\t\t\t\t<div class=\"blockG\" id=\"rotateG_07\"><\/div>\n\t\t\t\t<div class=\"blockG\" id=\"rotateG_08\"><\/div>\n\t\t\t<\/div>\n\t\t\t<div class=\"WooZone-cross-sell-loader-text\"><\/div>\n\t\t<\/div>\n\t<\/div>\n\n\t\t\n<\/div>\n<div style=\"clear:both;\"><\/div>\n","protected":false},"excerpt":{"rendered":"Landmetzger Schiessl's deftiger Gew\u00fcrzbauch zeichnet sich durch sein einzigartiges Aroma aus. F\u00fcr seinen vollen Geschmack wird der deftige Gew\u00fcrzbauch zun\u00e4chst gep\u00f6kelt und mit erlesenen Gew\u00fcrzen eingerieben. Anschlie\u00dfend wird er im Hei\u00dfluftgrill gegart.\nDurch die Verwendung ausgew\u00e4hlter Kr\u00e4uter und Gew\u00fcrze kann sich der Geschmack voll entfalten. Probieren Sie der leckeren Gew\u00fcrzbauch zu einer kalten bayrischen Brotzeit und genie\u00dfen Sie ein einzigartiges Geschmackserlebnis.\nSpitzenqualit\u00e4t aus Bayern","protected":false},"featured_media":4686,"comment_status":"open","ping_status":"closed","template":"","meta":[],"product_cat":[64,54],"product_tag":[],"_links":{"self":[{"href":"https:\/\/food-shop.org\/index.php?rest_route=\/wp\/v2\/product\/4685"}],"collection":[{"href":"https:\/\/food-shop.org\/index.php?rest_route=\/wp\/v2\/product"}],"about":[{"href":"https:\/\/food-shop.org\/index.php?rest_route=\/wp\/v2\/types\/product"}],"replies":[{"embeddable":true,"href":"https:\/\/food-shop.org\/index.php?rest_route=%2Fwp%2Fv2%2Fcomments&post=4685"}],"wp:featuredmedia":[{"embeddable":true,"href":"https:\/\/food-shop.org\/index.php?rest_route=\/wp\/v2\/media\/4686"}],"wp:attachment":[{"href":"https:\/\/food-shop.org\/index.php?rest_route=%2Fwp%2Fv2%2Fmedia&parent=4685"}],"wp:term":[{"taxonomy":"product_cat","embeddable":true,"href":"https:\/\/food-shop.org\/index.php?rest_route=%2Fwp%2Fv2%2Fproduct_cat&post=4685"},{"taxonomy":"product_tag","embeddable":true,"href":"https:\/\/food-shop.org\/index.php?rest_route=%2Fwp%2Fv2%2Fproduct_tag&post=4685"}],"curies":[{"name":"wp","href":"https:\/\/api.w.org\/{rel}","templated":true}]}}