{"id":4656,"date":"2020-08-31T09:28:45","date_gmt":"2020-08-31T09:28:45","guid":{"rendered":"https:\/\/food-shop.org\/?product=craftsman-beef-jerky-set-4-x-50-g-200-g-probierpack-aus-deutschland-bayern-doerrfleisch-mix-protein-68-biltong-trockenfleisch-100-natuerlich-ohne-zucker-hanf-pfeffer-smoky-chili"},"modified":"2023-04-05T16:23:09","modified_gmt":"2023-04-05T16:23:09","slug":"craftsman-beef-jerky-set-4-x-50-g-200-g-probierpack-aus-deutschland-bayern-doerrfleisch-mix-protein-68-biltong-trockenfleisch-100-natuerlich-ohne-zucker-hanf-pfeffer-smoky-chili","status":"publish","type":"product","link":"https:\/\/food-shop.org\/?product=craftsman-beef-jerky-set-4-x-50-g-200-g-probierpack-aus-deutschland-bayern-doerrfleisch-mix-protein-68-biltong-trockenfleisch-100-natuerlich-ohne-zucker-hanf-pfeffer-smoky-chili","title":{"rendered":"Craftsman Beef Jerky | Set 4 x 50 g = 200 g Probierpack | Aus Deutschland &#8211; Bayern | D\u00f6rrfleisch Mix | Protein 68\u2026"},"content":{"rendered":"<p>CRAFTSMAN FOODS BEEF JERKY Das Original! Biltong &#8211; Trockenfleisch &#8211; D\u00f6rrfleisch aus Deutschland &#8211; Bayern &#8211; Herstellung von Meisterhand! JETZT 200 g JERKY BEEF IM MIX MIT ALLEN SORTEN: HEMP (Hanf), PEPPER, SMOKY, SPICY in verschlie\u00dfbarer Verpackung und Sichtfenster auf der R\u00fcckseite<br \/>\nHIGH PROTEIN (68% Eiwei\u00df) &#8211; proteinreicher Fleischsnack mit &lt; 0,5% Kohlenhydrate, ideal f\u00fcr alle Sportler und Fitness Freaks vor und nach dem Training. Keto und Paleo konform. Glutenfrei und laktosefrei. Das Biltong bzw. D\u00f6rrfleisch ist sehr proteinreich und kohlenhydratarm. Ein super Sport Snack! Genial f\u00fcr&#039;s Fitness Training. Das Craftsman Trockenfleisch ist ohne Allergene.<br \/>\n100% NAT\u00dcRLICH &#8211; 100 g Craftsman Beef Jerkys werden aus 300g frischem Rindfleisch bayerischer Weiderinder und feinsten Gew\u00fcrzen hergestellt. Die Rinder weiden in unmittelbarer Umgebung zu unserer Produktion auf den Wiesen. Also 100% Regional und aus Deutschland.<br \/>\nKEINE ZUS\u00c4TZE: Zuckerfrei (OHNE Zucker), OHNE Farbstoffe, OHNE Konservierungsstoffe. Das Craftsman Beef Jerkey ist rein nat\u00fcrlich und ohne Zusatzstoffe und ohne Geschmacksverst\u00e4rker.<br \/>\nSUPER LECKERER MEAT SNACK in der Arbeit, in der Uni, im Sport oder als Proviant f\u00fcr unterwegs. 4 x 50 g Trockenfleisch = 200 g Beef Jerkey. Ideal auch als Geschenk f\u00fcr M\u00e4nner und Frauen<br \/>\n<div class=\"main-cross-sell\" data-asin=\"&quot;B081NK4VRV&quot;\">\n\n\t<div class=\"WooZone-cross-sell-loader\">\n\t\t<div>\n\t\t\t<div id=\"floatingBarsG\">\n\t\t\t\t<div class=\"blockG\" id=\"rotateG_01\"><\/div>\n\t\t\t\t<div class=\"blockG\" id=\"rotateG_02\"><\/div>\n\t\t\t\t<div class=\"blockG\" id=\"rotateG_03\"><\/div>\n\t\t\t\t<div class=\"blockG\" id=\"rotateG_04\"><\/div>\n\t\t\t\t<div class=\"blockG\" id=\"rotateG_05\"><\/div>\n\t\t\t\t<div class=\"blockG\" id=\"rotateG_06\"><\/div>\n\t\t\t\t<div class=\"blockG\" id=\"rotateG_07\"><\/div>\n\t\t\t\t<div class=\"blockG\" id=\"rotateG_08\"><\/div>\n\t\t\t<\/div>\n\t\t\t<div class=\"WooZone-cross-sell-loader-text\"><\/div>\n\t\t<\/div>\n\t<\/div>\n\n\t\t\n<\/div>\n<div style=\"clear:both;\"><\/div>\n","protected":false},"excerpt":{"rendered":"CRAFTSMAN FOODS BEEF JERKY Das Original! Biltong - Trockenfleisch - D\u00f6rrfleisch aus Deutschland - Bayern - Herstellung von Meisterhand! JETZT 200 g JERKY BEEF IM MIX MIT ALLEN SORTEN: HEMP (Hanf), PEPPER, SMOKY, SPICY in verschlie\u00dfbarer Verpackung und Sichtfenster auf der R\u00fcckseite\nHIGH PROTEIN (68% Eiwei\u00df) - proteinreicher Fleischsnack mit &lt; 0,5% Kohlenhydrate, ideal f\u00fcr alle Sportler und Fitness Freaks vor und nach dem Training. Keto und Paleo konform. Glutenfrei und laktosefrei. Das Biltong bzw. D\u00f6rrfleisch ist sehr proteinreich und kohlenhydratarm. Ein super Sport Snack! Genial f\u00fcr&#039;s Fitness Training. Das Craftsman Trockenfleisch ist ohne Allergene.\n100% NAT\u00dcRLICH - 100 g Craftsman Beef Jerkys werden aus 300g frischem Rindfleisch bayerischer Weiderinder und feinsten Gew\u00fcrzen hergestellt. Die Rinder weiden in unmittelbarer Umgebung zu unserer Produktion auf den Wiesen. Also 100% Regional und aus Deutschland.","protected":false},"featured_media":4657,"comment_status":"open","ping_status":"closed","template":"","meta":[],"product_cat":[64,54],"product_tag":[],"_links":{"self":[{"href":"https:\/\/food-shop.org\/index.php?rest_route=\/wp\/v2\/product\/4656"}],"collection":[{"href":"https:\/\/food-shop.org\/index.php?rest_route=\/wp\/v2\/product"}],"about":[{"href":"https:\/\/food-shop.org\/index.php?rest_route=\/wp\/v2\/types\/product"}],"replies":[{"embeddable":true,"href":"https:\/\/food-shop.org\/index.php?rest_route=%2Fwp%2Fv2%2Fcomments&post=4656"}],"wp:featuredmedia":[{"embeddable":true,"href":"https:\/\/food-shop.org\/index.php?rest_route=\/wp\/v2\/media\/4657"}],"wp:attachment":[{"href":"https:\/\/food-shop.org\/index.php?rest_route=%2Fwp%2Fv2%2Fmedia&parent=4656"}],"wp:term":[{"taxonomy":"product_cat","embeddable":true,"href":"https:\/\/food-shop.org\/index.php?rest_route=%2Fwp%2Fv2%2Fproduct_cat&post=4656"},{"taxonomy":"product_tag","embeddable":true,"href":"https:\/\/food-shop.org\/index.php?rest_route=%2Fwp%2Fv2%2Fproduct_tag&post=4656"}],"curies":[{"name":"wp","href":"https:\/\/api.w.org\/{rel}","templated":true}]}}