{"id":10455,"date":"2020-09-01T12:34:50","date_gmt":"2020-09-01T12:34:50","guid":{"rendered":"https:\/\/food-shop.org\/?product=bang-boom-bang-bbq-rub-im-streuer-210-gr"},"modified":"2023-04-06T16:44:50","modified_gmt":"2023-04-06T16:44:50","slug":"bang-boom-bang-bbq-rub-im-streuer-210-gr","status":"publish","type":"product","link":"https:\/\/food-shop.org\/?product=bang-boom-bang-bbq-rub-im-streuer-210-gr","title":{"rendered":"Ankerkraut Bang Boom Bang, scharfer BBQ-Rub Gew\u00fcrzmischung f\u00fcr alle die gar nicht scharf genug essen k\u00f6nnen, 210g im\u2026"},"content":{"rendered":"<p><!-- show up to 2 reviews by default --> <\/p>\n<h3>Produktbeschreibungen<\/h3>\n<p>Scharfe rote Trockenmarinade, perfekt f\u00fcr Schwein oder Gefl\u00fcgel. Reiben Sie das Grillgut mit ein paar Tropfen Oliven\u00f6l ein und bestreuen Sie es gro\u00dfz\u00fcgig mit BBQ-Rub, klopfen und massieren Sie das Rub ins Fleisch ein und lassen Sie es etwas ruhen (am besten 12-18 Stunden im K\u00fchlschrank). N\u00e4hrwerte je 100g: Brennwert: 1183kJ (278kcal); Fett: 5g; davon ges\u00e4ttigte Fetts\u00e4uren: 0,9g; Kohlenhydrate: 43g; davon Zucker: 33g; Eiwei\u00df: 9,9g; Salz: 19,6g <\/p>\n<h3>Inhaltsstoffe \/ Zutaten<\/h3>\n<p>Zutaten: Paprika edels\u00fc\u00df, Meersalz, Roh-Rohrzucker, Knoblauch, SENFmehl, Chilischrot, schwarzer Pfeffer, Zwiebel, Rauchsalz (Meersalz, Rauch), SELLERIE, Thymian, Birds Eye Chili <\/p>\n<div data-a-expander-name=\"toggle_description\" class=\"a-row a-expander-container a-expander-extend-container\">\n<div class=\"a-expander-content a-expander-extend-content\">\n<h3>Anschrift Hersteller\/Importeur<\/h3>\n<p>Reindorfer Osterberg 75, 21266 Jesteburg <\/p>\n<\/p><\/div>\n<p> <a href=\"void(0)\" data-action=\"a-expander-toggle\" class=\"a-expander-header a-declarative a-expander-extend-header\" data-a-expander-toggle=\"{\"><i class=\"a-icon a-icon-extender-expand\"><\/i><span class=\"a-expander-prompt\">Weitere Informationen<\/span><\/a> <\/div>\n<p>Ohne Zusatz von Geschmacksverst\u00e4rkern, Rieselhilfen oder Farbstoffen.<br \/>\nBBQ Rub im praktischen UV-lichtgesch\u00fctzem und wieder nachf\u00fcllbaren Streuer<br \/>\nReiben Sie Ihr Grillgut einfach mit etwas \u00d6l ein und verteilen und klopfen Sie dann das BBQ-Rub.<br \/>\n<div class=\"main-cross-sell\" data-asin=\"B0115QM4U6\">\n\n\t<div class=\"WooZone-cross-sell-loader\">\n\t\t<div>\n\t\t\t<div id=\"floatingBarsG\">\n\t\t\t\t<div class=\"blockG\" id=\"rotateG_01\"><\/div>\n\t\t\t\t<div class=\"blockG\" id=\"rotateG_02\"><\/div>\n\t\t\t\t<div class=\"blockG\" id=\"rotateG_03\"><\/div>\n\t\t\t\t<div class=\"blockG\" id=\"rotateG_04\"><\/div>\n\t\t\t\t<div class=\"blockG\" id=\"rotateG_05\"><\/div>\n\t\t\t\t<div class=\"blockG\" id=\"rotateG_06\"><\/div>\n\t\t\t\t<div class=\"blockG\" id=\"rotateG_07\"><\/div>\n\t\t\t\t<div class=\"blockG\" id=\"rotateG_08\"><\/div>\n\t\t\t<\/div>\n\t\t\t<div class=\"WooZone-cross-sell-loader-text\"><\/div>\n\t\t<\/div>\n\t<\/div>\n\n\t\t\n<\/div>\n<div style=\"clear:both;\"><\/div>\n","protected":false},"excerpt":{"rendered":"Ohne Zusatz von Geschmacksverst\u00e4rkern, Rieselhilfen oder Farbstoffen.\nBBQ Rub im praktischen UV-lichtgesch\u00fctzem und wieder nachf\u00fcllbaren Streuer\nReiben Sie Ihr Grillgut einfach mit etwas \u00d6l ein und verteilen und klopfen Sie dann das BBQ-Rub.","protected":false},"featured_media":10456,"comment_status":"open","ping_status":"closed","template":"","meta":[],"product_cat":[57,59],"product_tag":[],"_links":{"self":[{"href":"https:\/\/food-shop.org\/index.php?rest_route=\/wp\/v2\/product\/10455"}],"collection":[{"href":"https:\/\/food-shop.org\/index.php?rest_route=\/wp\/v2\/product"}],"about":[{"href":"https:\/\/food-shop.org\/index.php?rest_route=\/wp\/v2\/types\/product"}],"replies":[{"embeddable":true,"href":"https:\/\/food-shop.org\/index.php?rest_route=%2Fwp%2Fv2%2Fcomments&post=10455"}],"wp:featuredmedia":[{"embeddable":true,"href":"https:\/\/food-shop.org\/index.php?rest_route=\/wp\/v2\/media\/10456"}],"wp:attachment":[{"href":"https:\/\/food-shop.org\/index.php?rest_route=%2Fwp%2Fv2%2Fmedia&parent=10455"}],"wp:term":[{"taxonomy":"product_cat","embeddable":true,"href":"https:\/\/food-shop.org\/index.php?rest_route=%2Fwp%2Fv2%2Fproduct_cat&post=10455"},{"taxonomy":"product_tag","embeddable":true,"href":"https:\/\/food-shop.org\/index.php?rest_route=%2Fwp%2Fv2%2Fproduct_tag&post=10455"}],"curies":[{"name":"wp","href":"https:\/\/api.w.org\/{rel}","templated":true}]}}