{"id":10308,"date":"2020-09-01T12:09:45","date_gmt":"2020-09-01T12:09:45","guid":{"rendered":"https:\/\/food-shop.org\/?product=maggi-fix-fuer-chili-con-carne-chili-mit-hackfleisch-und-bohnen-1er-pack-1-x-33g"},"modified":"2023-04-06T16:44:48","modified_gmt":"2023-04-06T16:44:48","slug":"maggi-fix-fuer-chili-con-carne-chili-mit-hackfleisch-und-bohnen-1er-pack-1-x-33g","status":"publish","type":"product","link":"https:\/\/food-shop.org\/?product=maggi-fix-fuer-chili-con-carne-chili-mit-hackfleisch-und-bohnen-1er-pack-1-x-33g","title":{"rendered":"Maggi Fix f\u00fcr Chili con Carne, Chili mit Hackfleisch und Bohnen, 1er Pack (1 x 33g)"},"content":{"rendered":"<p><!-- show up to 2 reviews by default --> <\/p>\n<h3>Produktbeschreibung<\/h3>\n<\/p>\n<p>Wenn man sich nach einem langen Tag auf ein herzhaft-w\u00fcrziges Chili mit Hackfleisch und Bohnen freut, ist man mit Maggi Fix f\u00fcr Chili con Carne schnell und einfach am Ziel. Das leckere Chili con Carne Rezept eignet sich auch ideal als Partygericht. <br \/>Schnell und lecker \u2013 Mexikanische Gerichte<br \/>Einfach 200 g gemischtes Hackfleisch in hei\u00dfem \u00d6l anbraten. 250 ml Wasser zugie\u00dfen, einen Beutelinhalt Fix f\u00fcr Chili con Carne einr\u00fchren und aufkochen. Bei geringer W\u00e4rmezufuhr ca. 5 Min. offen kochen, gelegentlich umr\u00fchren. 1 Dose Kidneybohnen absp\u00fclen, zugeben und hei\u00df werden lassen. Fertig Dazu kann man Baguette und einen knackigen Salat servieren. Guten Appetit.<br \/>Weitere kreative und leckere Rezeptideen gibt\u2019s auf maggi.de.<\/p>\n<\/p>\n<h3>Inhaltsstoffe \/ Zutaten<\/h3>\n<p>Zutaten: 38,2 % Tomaten, Gew\u00fcrze (Paprika, Pfeffer, Zwiebeln, Chili, Knoblauch, K\u00fcmmel, Ingwer), Kartoffelst\u00e4rke, Jodsalz, Hefeextrakt, Aromen, Zucker, Kr\u00e4uter (Petersilie, Salbei, Bohnenkraut, Oregano, Thymian, Lorbeer), ger\u00e4ucherter Speck (Speck, Rauch), Raucharoma, S\u00e4uerungsmittel Citronens\u00e4ure.#Kann GLUTENHALTIGES GETREIDE, SELLERIE, EIER, MILCH, SENF und SOJA enthalten. <\/p>\n<div data-a-expander-name=\"toggle_description\" class=\"a-row a-expander-container a-expander-extend-container\">\n<div class=\"a-expander-content a-expander-extend-content\">\n<h3>Gebrauchsanweisung<\/h3>\n<p>Zubereitung: 200 g gemischtes Hackfleisch (alternativ Rind), 1 Dose Kidneybohnen (425 ml), 1 EL \u00d6l#Hackfleisch in hei\u00dfem \u00d6l anbraten.#250 ml Wasser zugie\u00dfen, Beutelinhalt einr\u00fchren und aufkochen. Bei geringer W\u00e4rmezufuhr ca. 5 Min. offen kochen, gelegentlich umr\u00fchren.#Bohnen absp\u00fclen, zugeben und hei\u00df werden lassen. Dazu schmecken Baguette und ein Salat. <\/p>\n<h3>Anschrift Hersteller\/Importeur<\/h3>\n<p>78221 Singen (Hohentwiel) <\/p>\n<\/p><\/div>\n<p> <a href=\"void(0)\" data-action=\"a-expander-toggle\" class=\"a-expander-header a-declarative a-expander-extend-header\" data-a-expander-toggle=\"{\"><i class=\"a-icon a-icon-extender-expand\"><\/i><span class=\"a-expander-prompt\">Weitere Informationen<\/span><\/a> <\/div>\n<p>Maggi Fix und Frisch<br \/>\nChili con Carne<br \/>\nSchnell und einfach mit Hackfleisch und Kidneybohnen zubereitet<br \/>\n2 Portionen<br \/>\n33 g<br \/>\n<div class=\"main-cross-sell\" data-asin=\"B01FHVDDVY\">\n\n\t<div class=\"WooZone-cross-sell-loader\">\n\t\t<div>\n\t\t\t<div id=\"floatingBarsG\">\n\t\t\t\t<div class=\"blockG\" id=\"rotateG_01\"><\/div>\n\t\t\t\t<div class=\"blockG\" id=\"rotateG_02\"><\/div>\n\t\t\t\t<div class=\"blockG\" id=\"rotateG_03\"><\/div>\n\t\t\t\t<div class=\"blockG\" id=\"rotateG_04\"><\/div>\n\t\t\t\t<div class=\"blockG\" id=\"rotateG_05\"><\/div>\n\t\t\t\t<div class=\"blockG\" id=\"rotateG_06\"><\/div>\n\t\t\t\t<div class=\"blockG\" id=\"rotateG_07\"><\/div>\n\t\t\t\t<div class=\"blockG\" id=\"rotateG_08\"><\/div>\n\t\t\t<\/div>\n\t\t\t<div class=\"WooZone-cross-sell-loader-text\"><\/div>\n\t\t<\/div>\n\t<\/div>\n\n\t\t\n<\/div>\n<div style=\"clear:both;\"><\/div>\n","protected":false},"excerpt":{"rendered":"Maggi Fix und Frisch\nChili con Carne\nSchnell und einfach mit Hackfleisch und Kidneybohnen zubereitet","protected":false},"featured_media":10309,"comment_status":"open","ping_status":"closed","template":"","meta":[],"product_cat":[60,57],"product_tag":[],"_links":{"self":[{"href":"https:\/\/food-shop.org\/index.php?rest_route=\/wp\/v2\/product\/10308"}],"collection":[{"href":"https:\/\/food-shop.org\/index.php?rest_route=\/wp\/v2\/product"}],"about":[{"href":"https:\/\/food-shop.org\/index.php?rest_route=\/wp\/v2\/types\/product"}],"replies":[{"embeddable":true,"href":"https:\/\/food-shop.org\/index.php?rest_route=%2Fwp%2Fv2%2Fcomments&post=10308"}],"wp:featuredmedia":[{"embeddable":true,"href":"https:\/\/food-shop.org\/index.php?rest_route=\/wp\/v2\/media\/10309"}],"wp:attachment":[{"href":"https:\/\/food-shop.org\/index.php?rest_route=%2Fwp%2Fv2%2Fmedia&parent=10308"}],"wp:term":[{"taxonomy":"product_cat","embeddable":true,"href":"https:\/\/food-shop.org\/index.php?rest_route=%2Fwp%2Fv2%2Fproduct_cat&post=10308"},{"taxonomy":"product_tag","embeddable":true,"href":"https:\/\/food-shop.org\/index.php?rest_route=%2Fwp%2Fv2%2Fproduct_tag&post=10308"}],"curies":[{"name":"wp","href":"https:\/\/api.w.org\/{rel}","templated":true}]}}