{"id":10236,"date":"2020-09-01T11:44:06","date_gmt":"2020-09-01T11:44:06","guid":{"rendered":"https:\/\/food-shop.org\/?product=real-thai-rote-curry-paste-1-x-50-g"},"modified":"2023-04-08T17:09:25","modified_gmt":"2023-04-08T17:09:25","slug":"real-thai-rote-curry-paste-1-x-50-g","status":"publish","type":"product","link":"https:\/\/food-shop.org\/?product=real-thai-rote-curry-paste-1-x-50-g","title":{"rendered":"Real THAI Rote Curry Paste (1 x 50 g)"},"content":{"rendered":"<div class=\"disclaim\"> Anzahl:<strong>1<\/strong> <\/div>\n<p> <!-- show up to 2 reviews by default --> <\/p>\n<h3>Produktbeschreibung<\/h3>\n<p>Real Thai rote Currypaste ist eine W\u00fcrzzubereitung aus Chili, Knoblauch, Lemongras und weiteren Zutaten <\/p>\n<h3>Inhaltsstoffe \/ Zutaten<\/h3>\n<p>Zutaten: Getrocknete rote Chilli (21%), Knoblauch, Zitronengras, Schalotten, Speisesalz, Galgant, Kaffirlimettenschale, Gew\u00fcrze (KORIANDERSAMEN, Kreuzk\u00fcmmelpulver). <\/p>\n<div data-a-expander-name=\"toggle_description\" class=\"a-row a-expander-container a-expander-extend-container\">\n<div class=\"a-expander-content a-expander-extend-content\">\n<h3>Gebrauchsanweisung<\/h3>\n<p>Verzehrfertig <\/p>\n<h3>Warnhinweise<\/h3>\n<p>ohne <\/p>\n<\/p><\/div>\n<p> <a href=\"void(0)\" data-action=\"a-expander-toggle\" class=\"a-expander-header a-declarative a-expander-extend-header\" data-a-expander-toggle=\"{\"><i class=\"a-icon a-icon-extender-expand\"><\/i><span class=\"a-expander-prompt\">Weitere Informationen<\/span><\/a> <\/div>\n<p>Mit den originalen Thai-Currypasten der Premiummarke Real Thai lassen sich die beliebten thail\u00e4ndischen Currys im Handumdrehen zubereiten. Einfach Gem\u00fcse und Fleisch zugeben \u2013 fertig<br \/>\nF\u00fcr die Herstellung der Thai-Currypasten von Real Thai werden nur nat\u00fcrliche Zutaten verwendet. Auf den Einsatz von Geschmacksverst\u00e4rkern sowie k\u00fcnstlichen Farb- und Aromastoffen wird konsequent verzichtet<br \/>\nReal Thai steht f\u00fcr echte und traditionelle Rezepturen der thail\u00e4ndischen K\u00fcche. Die Real Thai-Produkte werden direkt in Thailand produziert und sind so absolut authentisch<br \/>\n<div class=\"main-cross-sell\" data-asin=\"B082VPCN1J\">\n\n\t<div class=\"WooZone-cross-sell-loader\">\n\t\t<div>\n\t\t\t<div id=\"floatingBarsG\">\n\t\t\t\t<div class=\"blockG\" id=\"rotateG_01\"><\/div>\n\t\t\t\t<div class=\"blockG\" id=\"rotateG_02\"><\/div>\n\t\t\t\t<div class=\"blockG\" id=\"rotateG_03\"><\/div>\n\t\t\t\t<div class=\"blockG\" id=\"rotateG_04\"><\/div>\n\t\t\t\t<div class=\"blockG\" id=\"rotateG_05\"><\/div>\n\t\t\t\t<div class=\"blockG\" id=\"rotateG_06\"><\/div>\n\t\t\t\t<div class=\"blockG\" id=\"rotateG_07\"><\/div>\n\t\t\t\t<div class=\"blockG\" id=\"rotateG_08\"><\/div>\n\t\t\t<\/div>\n\t\t\t<div class=\"WooZone-cross-sell-loader-text\"><\/div>\n\t\t<\/div>\n\t<\/div>\n\n\t\t\n<\/div>\n<div style=\"clear:both;\"><\/div>\n","protected":false},"excerpt":{"rendered":"Mit den originalen Thai-Currypasten der Premiummarke Real Thai lassen sich die beliebten thail\u00e4ndischen Currys im Handumdrehen zubereiten. Einfach Gem\u00fcse und Fleisch zugeben \u2013 fertig\nF\u00fcr die Herstellung der Thai-Currypasten von Real Thai werden nur nat\u00fcrliche Zutaten verwendet. Auf den Einsatz von Geschmacksverst\u00e4rkern sowie k\u00fcnstlichen Farb- und Aromastoffen wird konsequent verzichtet\nReal Thai steht f\u00fcr echte und traditionelle Rezepturen der thail\u00e4ndischen K\u00fcche. Die Real Thai-Produkte werden direkt in Thailand produziert und sind so absolut authentisch","protected":false},"featured_media":10237,"comment_status":"open","ping_status":"closed","template":"","meta":[],"product_cat":[60,57],"product_tag":[],"_links":{"self":[{"href":"https:\/\/food-shop.org\/index.php?rest_route=\/wp\/v2\/product\/10236"}],"collection":[{"href":"https:\/\/food-shop.org\/index.php?rest_route=\/wp\/v2\/product"}],"about":[{"href":"https:\/\/food-shop.org\/index.php?rest_route=\/wp\/v2\/types\/product"}],"replies":[{"embeddable":true,"href":"https:\/\/food-shop.org\/index.php?rest_route=%2Fwp%2Fv2%2Fcomments&post=10236"}],"wp:featuredmedia":[{"embeddable":true,"href":"https:\/\/food-shop.org\/index.php?rest_route=\/wp\/v2\/media\/10237"}],"wp:attachment":[{"href":"https:\/\/food-shop.org\/index.php?rest_route=%2Fwp%2Fv2%2Fmedia&parent=10236"}],"wp:term":[{"taxonomy":"product_cat","embeddable":true,"href":"https:\/\/food-shop.org\/index.php?rest_route=%2Fwp%2Fv2%2Fproduct_cat&post=10236"},{"taxonomy":"product_tag","embeddable":true,"href":"https:\/\/food-shop.org\/index.php?rest_route=%2Fwp%2Fv2%2Fproduct_tag&post=10236"}],"curies":[{"name":"wp","href":"https:\/\/api.w.org\/{rel}","templated":true}]}}