{"id":10208,"date":"2020-09-01T11:43:53","date_gmt":"2020-09-01T11:43:53","guid":{"rendered":"https:\/\/food-shop.org\/?product=knorr-fix-wuerzbasis-currywurst-36-g-2-portionen"},"modified":"2023-04-08T17:09:24","modified_gmt":"2023-04-08T17:09:24","slug":"knorr-fix-wuerzbasis-currywurst-36-g-2-portionen","status":"publish","type":"product","link":"https:\/\/food-shop.org\/?product=knorr-fix-wuerzbasis-currywurst-36-g-2-portionen","title":{"rendered":"Knorr Fix W\u00fcrzmischung Currywurst f\u00fcr eine w\u00fcrzige Bratwurst ohne geschmacksverst\u00e4rkende Zusatzstoffe und Farbstoffe 36\u2026"},"content":{"rendered":"<p><!-- show up to 2 reviews by default --> <\/p>\n<h3>Produktbeschreibung<\/h3>\n<p>So lecker wie beim Lieblingsimbiss. Mit dem n Currywurst Fix von Knorr bekommt jede Wurst den typisch w\u00fcrzigen Geschmack. Der W\u00fcrzmix, aus dem die Currywurst So\u00dfe besteht, ist sehr umfangreich, ausgewogen und lecker. Die Konsistenz ist so, wie sie bei einer Currysauce sein sollte: nicht fl\u00fcssig, sondern cremig. Die Zubereitung geht fix und einfach \u00fcber die B\u00fchne: Zubereitung f\u00fcr ca. 250 g Wurst (z.B. Bratwurst): 1) Wurst in etwas hei\u00dfem \u00d6l bei mittlerer Hitze braten. Pfanne von der Kochstelle nehmen, Wurst herausnehmen, in Scheiben schneiden und warm stellen. 2) 200 ml Wasser in die Pfanne gie\u00dfen. Beutelinhalt einr\u00fchren, unter R\u00fchren aufkochen und ca. 1 Minute kochen lassen. 3) Sauce \u00fcber die Wurst gie\u00dfen und als Currywurst fertig servieren. Tipp: Die Knorr-Chefk\u00f6che empfehlen hierzu Pommes frites. Um als schnelles Essen zu Hause eine ordentliche Currywurst-Sauce zuzubereiten, eignet sich das Fix f\u00fcr Currywurst von Knorr durchaus. Blitzschnell zubereitet, ist es auch bei einer Grillparty die ideale Erg\u00e4nzung zur Bratwurst. Diese Fertigsauce kann man vielseitig als Basis nutzen. Sie l\u00e4sst sich beliebig \u00e4ndern und kann z.B. f\u00fcr die Verfeinerung von Schaschlik oder als Grundlage f\u00fcr einen Bohneneintopf verwendet werden. Mit den Knorr-Fix-Produkten begeistert man die ganze Familie mit Leichtigkeit: Die beliebte W\u00fcrzbasis sorgt f\u00fcr einen authentischen Geschmack der Gerichte und spart wertvolle Zeit beim W\u00fcrzen und Abschmecken. Ganz einfach bereitet man damit k\u00f6stliche Mahlzeiten zu \u2013 auch ohne Kocherfahrung. Die Zugabe von frischen Zutaten bringt Frische auf den Teller und erm\u00f6glicht eine Vielzahl von Variationen der Gerichte. Damit erh\u00e4lt man viele herzhafte Rezeptideen rund um Fleisch, Fisch, Nudeln, Reis oder Gem\u00fcse \u2013 ohne Farbstoffe, geschmacksverst\u00e4rkende Zusatzstoffe und Konservierungsstoffe. Fix gemacht und einfach lecker. Dank unserer Fix-Produkte, Br\u00fchen, Saucen, Fertiggerichten, Suppen und Salatdressings gelingt jedes Gericht garantiert mit wenigen Handgriffen. Schnell und einfach erhalten so authentische Mahlzeiten ihren typischen Geschmack \u2013 egal, ob abwechslungsreiche vegetarische oder vegane K\u00fcche, herzhafte Fleischgerichte oder leckere Gem\u00fcsevariationen. Dabei ist es die Komposition ausgew\u00e4hlter hochwertiger Zutaten, die jedes Knorr-Produkt besonders macht. Knorr verarbeitet nur sorgf\u00e4ltig schonend getrocknete Zutaten, denn das Trocknen ist eine der \u00e4ltesten Methoden, um Lebensmittel nat\u00fcrlich haltbar zu machen. Da der Geschmack und die N\u00e4hrstoffe der frischen Zutaten weitgehend erhalten bleiben, passen Lebensmittel aus getrockneten Zutaten ideal in unseren stressigen Alltag. Essen mit Knorr ist unkompliziert und sorgt dar\u00fcber hinaus f\u00fcr ein gutes Gef\u00fchl: \u00dcber 90 Prozent der Zutaten kommen schon heute aus nachhaltigem Anbau. Denn wir bei Knorr glauben, dass die Verwendung nachhaltig angebauter und beschaffter Zutaten einen gro\u00dfen Unterschied f\u00fcr den Geschmack unserer Produkte, das Wohlbefinden der Landwirte und die Zukunft des Planeten macht. Knorr \u2013 Geschmack mit gutem Gef\u00fchl. <\/p>\n<h3>Inhaltsstoffe \/ Zutaten<\/h3>\n<p>Zutaten: 21% Tomatenpulver\u00b3, Zucker, St\u00e4rke, 11% Curry (Kurkuma, Koriander, Kreuzk\u00fcmmel, Bockshornkleesamen, Knoblauch, Fenchelsamen, Cayennepfeffer, Petersilie, Pfeffer, Kardamom, SENFSAMEN), Apfelpulver, Palm\u00f6l, jodiertes Speisesalz, Maltodextrin, 3% R\u00f6stzwiebeln\u00b3, Aromen, Reismehl, Kochsalzersatz4, Speisesalz, Rote-Bete-Pulver\u00b3, Hefeextrakt, Rosmarin, S\u00e4uerungsmittel Citronens\u00e4ure, W\u00fcrze, Ingwer, Sojasauce (SOJABOHNEN, WEIZEN), Dextrose, Muskatnuss, Raucharoma. \u00b3aus nachhaltigem Anbau 4gewonnen aus nat\u00fcrlichen Kaliummineralien Kann Spuren von Milch, Ei und Sellerie enthalten. <\/p>\n<div data-a-expander-name=\"toggle_description\" class=\"a-row a-expander-container a-expander-extend-container\">\n<div class=\"a-expander-content a-expander-extend-content\">\n<h3>Gebrauchsanweisung<\/h3>\n<p>Frisch dazu geben: 250 g Wurst (z.B. Bratwurst) Zubereitung: 1) Wurst in etwas hei\u00dfem \u00d6l bei mittlerer Hitze braten. Pfanne von der Kochstelle nehmen, Wurst herausnehmen, in Scheiben schneiden und warm stellen. 2) 200 ml Wasser in die Pfanne gie\u00dfen. Beutelinhalt einr\u00fchren, unter R\u00fchren aufkochen und ca. 1 Minute kochen lassen. 3) Sauce \u00fcber die Wurst gie\u00dfen und als Currywurst servieren. Wir empfehlen dazu S\u00fc\u00dfkartoffel-Pommes und einen frischen Blattsalat. <\/p>\n<\/p><\/div>\n<p> <a href=\"void(0)\" data-action=\"a-expander-toggle\" class=\"a-expander-header a-declarative a-expander-extend-header\" data-a-expander-toggle=\"{\"><i class=\"a-icon a-icon-extender-expand\"><\/i><span class=\"a-expander-prompt\">Weitere Informationen<\/span><\/a> <\/div>\n<p>Knorr Fix Currywurst f\u00fcr 2 Portionen<br \/>\nLeckere Fertigsauce, verfeinert mit aromatischem Kardamon, mildem Curry sowie anderen Gew\u00fcrzen und Kr\u00e4utern<br \/>\nKr\u00e4ftig w\u00fcrzig im Geschmack \u2013 wie es sich f\u00fcr eine pikante Currywurst geh\u00f6rt<br \/>\nSchmeckt nach Tomaten, die vollst\u00e4ndig aus nachhaltigen Anbau kommen<br \/>\nFertiggericht ohne geschmacksverst\u00e4rkende Zusatzstoffe und ohne Farbstoffe<br \/>\nF\u00fcr die schnelle K\u00fcche hervorragend geeignet<br \/>\n<div class=\"main-cross-sell\" data-asin=\"B006IZ8OCW\">\n\n\t<div class=\"WooZone-cross-sell-loader\">\n\t\t<div>\n\t\t\t<div id=\"floatingBarsG\">\n\t\t\t\t<div class=\"blockG\" id=\"rotateG_01\"><\/div>\n\t\t\t\t<div class=\"blockG\" id=\"rotateG_02\"><\/div>\n\t\t\t\t<div class=\"blockG\" id=\"rotateG_03\"><\/div>\n\t\t\t\t<div class=\"blockG\" id=\"rotateG_04\"><\/div>\n\t\t\t\t<div class=\"blockG\" id=\"rotateG_05\"><\/div>\n\t\t\t\t<div class=\"blockG\" id=\"rotateG_06\"><\/div>\n\t\t\t\t<div class=\"blockG\" id=\"rotateG_07\"><\/div>\n\t\t\t\t<div class=\"blockG\" id=\"rotateG_08\"><\/div>\n\t\t\t<\/div>\n\t\t\t<div class=\"WooZone-cross-sell-loader-text\"><\/div>\n\t\t<\/div>\n\t<\/div>\n\n\t\t\n<\/div>\n<div style=\"clear:both;\"><\/div>\n","protected":false},"excerpt":{"rendered":"Knorr Fix Currywurst f\u00fcr 2 Portionen\nLeckere Fertigsauce, verfeinert mit aromatischem Kardamon, mildem Curry sowie anderen Gew\u00fcrzen und Kr\u00e4utern\nKr\u00e4ftig w\u00fcrzig im Geschmack \u2013 wie es sich f\u00fcr eine pikante Currywurst geh\u00f6rt","protected":false},"featured_media":10209,"comment_status":"open","ping_status":"closed","template":"","meta":[],"product_cat":[60,57],"product_tag":[],"_links":{"self":[{"href":"https:\/\/food-shop.org\/index.php?rest_route=\/wp\/v2\/product\/10208"}],"collection":[{"href":"https:\/\/food-shop.org\/index.php?rest_route=\/wp\/v2\/product"}],"about":[{"href":"https:\/\/food-shop.org\/index.php?rest_route=\/wp\/v2\/types\/product"}],"replies":[{"embeddable":true,"href":"https:\/\/food-shop.org\/index.php?rest_route=%2Fwp%2Fv2%2Fcomments&post=10208"}],"wp:featuredmedia":[{"embeddable":true,"href":"https:\/\/food-shop.org\/index.php?rest_route=\/wp\/v2\/media\/10209"}],"wp:attachment":[{"href":"https:\/\/food-shop.org\/index.php?rest_route=%2Fwp%2Fv2%2Fmedia&parent=10208"}],"wp:term":[{"taxonomy":"product_cat","embeddable":true,"href":"https:\/\/food-shop.org\/index.php?rest_route=%2Fwp%2Fv2%2Fproduct_cat&post=10208"},{"taxonomy":"product_tag","embeddable":true,"href":"https:\/\/food-shop.org\/index.php?rest_route=%2Fwp%2Fv2%2Fproduct_tag&post=10208"}],"curies":[{"name":"wp","href":"https:\/\/api.w.org\/{rel}","templated":true}]}}