{"id":10160,"date":"2020-09-01T11:43:33","date_gmt":"2020-09-01T11:43:33","guid":{"rendered":"https:\/\/food-shop.org\/?product=lebensbaum-1743-ofenkartoffeln-1-x-15-gr"},"modified":"2023-04-08T17:09:23","modified_gmt":"2023-04-08T17:09:23","slug":"lebensbaum-1743-ofenkartoffeln-1-x-15-gr","status":"publish","type":"product","link":"https:\/\/food-shop.org\/?product=lebensbaum-1743-ofenkartoffeln-1-x-15-gr","title":{"rendered":"Lebensbaum 1743 Ofenkartoffeln 1 x 15 gr,"},"content":{"rendered":"<p><!-- show up to 2 reviews by default --> <\/p>\n<h3>Produktbeschreibung<\/h3>\n<p>Unsere Ofenkartoffeln sind so einfach wie lecker. Kartoffeln schneiden, mit etwas \u00d6l und unserer W\u00fcrzmischung in den Ofen schieben, abwarten, fertig. F\u00fcr die wenigen Handgriffe wird man mit goldgelben, w\u00fcrzigen Ofenkartoffeln mit feiner Rosmarinnote belohnt. <\/p>\n<h3>Inhaltsstoffe \/ Zutaten<\/h3>\n<p>Meersalz, Zwiebel*(17 %), Rosmarin*(15 %), Paprika*, Knoblauch*, Oregano*, Thymian*, Lauch*, Sellerie*, Pfeffer*(2 %), Kurkuma*, Bohnenkraut*, Liebst\u00f6ckel* <\/p>\n<div data-a-expander-name=\"toggle_description\" class=\"a-row a-expander-container a-expander-extend-container\">\n<div class=\"a-expander-content a-expander-extend-content\">\n<h3>Gebrauchsanweisung<\/h3>\n<p>n\/a <\/p>\n<h3>Warnhinweise<\/h3>\n<p>nicht dem direkten Sonnenlicht aussetzen und nach dem \u00d6ffnen z\u00fcgig aufbrauchen <\/p>\n<h3>Anschrift Hersteller\/Importeur<\/h3>\n<p>Ulrich Walter GmbH, Dr.-J\u00fcrgen-Ulderup-Stra\u00dfe 12, 49356 Diepholz <\/p>\n<\/p><\/div>\n<p> <a href=\"void(0)\" data-action=\"a-expander-toggle\" class=\"a-expander-header a-declarative a-expander-extend-header\" data-a-expander-toggle=\"{\"><i class=\"a-icon a-icon-extender-expand\"><\/i><span class=\"a-expander-prompt\">Weitere Informationen<\/span><\/a> <\/div>\n<p>Das Produkt ist f\u00fcr Veganer geeignet<br \/>\nVegetarisch<br \/>\n\u00d6ko-Kontrollstelle: DE-\u00d6KO-001<br \/>\n<div class=\"main-cross-sell\" data-asin=\"B07HP8BM3M\">\n\n\t<div class=\"WooZone-cross-sell-loader\">\n\t\t<div>\n\t\t\t<div id=\"floatingBarsG\">\n\t\t\t\t<div class=\"blockG\" id=\"rotateG_01\"><\/div>\n\t\t\t\t<div class=\"blockG\" id=\"rotateG_02\"><\/div>\n\t\t\t\t<div class=\"blockG\" id=\"rotateG_03\"><\/div>\n\t\t\t\t<div class=\"blockG\" id=\"rotateG_04\"><\/div>\n\t\t\t\t<div class=\"blockG\" id=\"rotateG_05\"><\/div>\n\t\t\t\t<div class=\"blockG\" id=\"rotateG_06\"><\/div>\n\t\t\t\t<div class=\"blockG\" id=\"rotateG_07\"><\/div>\n\t\t\t\t<div class=\"blockG\" id=\"rotateG_08\"><\/div>\n\t\t\t<\/div>\n\t\t\t<div class=\"WooZone-cross-sell-loader-text\"><\/div>\n\t\t<\/div>\n\t<\/div>\n\n\t\t\n<\/div>\n<div style=\"clear:both;\"><\/div>\n","protected":false},"excerpt":{"rendered":"Das Produkt ist f\u00fcr Veganer geeignet\nVegetarisch\n\u00d6ko-Kontrollstelle: DE-\u00d6KO-001","protected":false},"featured_media":10161,"comment_status":"open","ping_status":"closed","template":"","meta":[],"product_cat":[60,57],"product_tag":[],"_links":{"self":[{"href":"https:\/\/food-shop.org\/index.php?rest_route=\/wp\/v2\/product\/10160"}],"collection":[{"href":"https:\/\/food-shop.org\/index.php?rest_route=\/wp\/v2\/product"}],"about":[{"href":"https:\/\/food-shop.org\/index.php?rest_route=\/wp\/v2\/types\/product"}],"replies":[{"embeddable":true,"href":"https:\/\/food-shop.org\/index.php?rest_route=%2Fwp%2Fv2%2Fcomments&post=10160"}],"wp:featuredmedia":[{"embeddable":true,"href":"https:\/\/food-shop.org\/index.php?rest_route=\/wp\/v2\/media\/10161"}],"wp:attachment":[{"href":"https:\/\/food-shop.org\/index.php?rest_route=%2Fwp%2Fv2%2Fmedia&parent=10160"}],"wp:term":[{"taxonomy":"product_cat","embeddable":true,"href":"https:\/\/food-shop.org\/index.php?rest_route=%2Fwp%2Fv2%2Fproduct_cat&post=10160"},{"taxonomy":"product_tag","embeddable":true,"href":"https:\/\/food-shop.org\/index.php?rest_route=%2Fwp%2Fv2%2Fproduct_tag&post=10160"}],"curies":[{"name":"wp","href":"https:\/\/api.w.org\/{rel}","templated":true}]}}