{"id":10152,"date":"2020-09-01T11:43:29","date_gmt":"2020-09-01T11:43:29","guid":{"rendered":"https:\/\/food-shop.org\/?product=knorr-fix-wuerzbasis-fuer-eine-schnelle-zubereitung-paprika-gulasch-ungarische-art-ohne-farbstoffe-4-portionen"},"modified":"2023-04-08T17:09:23","modified_gmt":"2023-04-08T17:09:23","slug":"knorr-fix-wuerzbasis-fuer-eine-schnelle-zubereitung-paprika-gulasch-ungarische-art-ohne-farbstoffe-4-portionen","status":"publish","type":"product","link":"https:\/\/food-shop.org\/?product=knorr-fix-wuerzbasis-fuer-eine-schnelle-zubereitung-paprika-gulasch-ungarische-art-ohne-farbstoffe-4-portionen","title":{"rendered":"Knorr Fix W\u00fcrzmischung Paprika-Gulasch f\u00fcr eine leckeres Fleischgericht ohne geschmacksverst\u00e4rkende Zusatzstoffe 48 g 1\u2026"},"content":{"rendered":"<p><!-- show up to 2 reviews by default --> <\/p>\n<h3>Produktbeschreibung<\/h3>\n<p>Saftiges Gulasch mit Paprika, Zwiebeln, Kr\u00e4utern und Cayennepfeffer pikant gew\u00fcrzt.Zubereitung f\u00fcr: 500 g gew\u00fcrfeltes Fleisch (Schwein, Rind oder gemischt) fleischw\u00fcrfel portionsweise in etwas hei\u00dfem \u00d6l anbraten.2) 375 ml Wasser zugie\u00dfen, Beutelinhalt einr\u00fchren und aufkochen.3) zugedeckt bei schwacher Hitze ca. 1 1\/2 Std. Schmoren. Ab und zu umr\u00fchren. Bei Bedarf etwas Wasser Nachgie\u00dfen.Tipp: Die Knorr Chefk\u00f6che empfehlen hierzu semmelkn\u00f6delmit den Knorr Fix Produkten begeistern Sie Ihre ganze Familie mit Leichtigkeit: Die beliebte W\u00fcrzbasis sorgt f\u00fcr einen authentischen Geschmack der Gerichte und spart wertvolle Zeit beim W\u00fcrzen und Abschmecken. Ganz einfach bereiten Sie damit k\u00f6stliche Mahlzeiten zu \u2013 auch ohne Kocherfahrung. Die Zugabe von frischen Zutaten bringt Frische auf den Teller und erm\u00f6glicht eine Vielzahl an Variationen der Gerichte. Damit erhalten Sie viele herzhafte Rezeptideen rund um Fleisch, Fisch, Nudeln, Reis oder Gem\u00fcse \u2013 ohne Farbstoffe, geschmacksverst\u00e4rkende Zusatzstoffe und Konservierungsstoffe. Fix gemacht und einfach lecker!kennen Sie schon die vielen weiteren Produkte von Knorr? Dank unserer Fix-Produkte, Br\u00fchen, Saucen, Fertiggerichten, Suppen und Salatdressings gelingt jedes Gericht garantiert mit wenigen Handgriffen. Schnell und einfach erhalten so authentische Mahlzeiten ihren typischen Geschmack \u2013 egal, ob abwechslungsreiche vegetarische oder vegane K\u00fcche, herzhafte Fleischgerichte oder leckere Gem\u00fcsevariationen. Dabei ist es die Komposition ausgew\u00e4hlter hochwertiger Zutaten, die jedes Knorr Produkt besonders macht. Knorr verarbeitet nur sorgf\u00e4ltig schonend getrocknete Zutaten, denn das Trocknen ist eine der \u00e4ltesten Methoden, um Lebensmittel nat\u00fcrlich haltbar zu machen. Da der Geschmack und die N\u00e4hrstoffe der frischen Zutaten weitgehend erhalten bleiben, passen Lebensmittel aus getrockneten Zutaten perfekt in unseren stressigen Alltag. Essen mit Knorr ist unkompliziert und sorgt dar\u00fcber hinaus f\u00fcr ein gutes Gef\u00fchl: \u00dcber 90 Prozent der Zutaten kommen heute schon aus nachhaltigem Anbau. Denn wir bei Knorr glauben, dass die Verwendung nachhaltig angebauter und beschaffter Zutaten einen gro\u00dfen Unterschied f\u00fcr den Geschmack unserer Produkte, das Wohlbefinden der Landwirte und die Zukunft des Planeten macht. Knorr \u2013 Geschmack mit gutem Gef\u00fchl. <\/p>\n<h3>Inhaltsstoffe \/ Zutaten<\/h3>\n<p>Zutaten: 26% Zwiebeln\u00b3, Mehl (WEIZEN, Reis), 14% Paprika\u00b3, St\u00e4rke, jodiertes Speisesalz, Zucker, W\u00fcrze, Aromen, Maiskeim\u00f6l, K\u00fcmmel, Knoblauch\u00b3, Kr\u00e4uter (Majoran, Lorbeerbl\u00e4tter), Hefeextrakt, Pfeffer, Zitronensaftpulver, Cayennepfeffer, Speisesalz. \u00b3 aus nachhaltigem Anbau Kann Spuren von Milch, Ei, Soja, Sellerie und Senf enthalten. <\/p>\n<div data-a-expander-name=\"toggle_description\" class=\"a-row a-expander-container a-expander-extend-container\">\n<div class=\"a-expander-content a-expander-extend-content\">\n<h3>Gebrauchsanweisung<\/h3>\n<p>Frisch dazu geben: 500 g mageres Gulaschfleisch (gemischt), 2 Paprikaschoten (400 g) und 1 gro\u00dfe Zwiebel (100 g) Zubereitung: 1) Zwiebel putzen und in Spalten schneiden. Fleischw\u00fcrfel portionsweise in 2 EL hei\u00dfem \u00d6l anbraten. Zwiebel zugeben und einige Minuten mitbraten. 2) 450 ml Wasser zugie\u00dfen, Beutelinhalt einr\u00fchren und aufkochen. 3) Zugedeckt bei schwacher Hitze ca. 45 Minuten schmoren, in Streifen geschnittene Paprika zugeben und weitere 45 Minuten schmoren. Ab und zu umr\u00fchren. Bei Bedarf etwas Wasser nachgie\u00dfen. Wir empfehlen dazu Semmelkn\u00f6del und Wei\u00dfkrautsalat. <\/p>\n<h3>Warnhinweise<\/h3>\n<p>Nein <\/p>\n<h3>Anschrift Hersteller\/Importeur<\/h3>\n<p>Unilever Deutschland, Postfach 570 237, 22771 Hamburg <\/p>\n<\/p><\/div>\n<p> <a href=\"void(0)\" data-action=\"a-expander-toggle\" class=\"a-expander-header a-declarative a-expander-extend-header\" data-a-expander-toggle=\"{\"><i class=\"a-icon a-icon-extender-expand\"><\/i><span class=\"a-expander-prompt\">Weitere Informationen<\/span><\/a> <\/div>\n<p>Knorr Fix paprika-gulasch Ungarische Art f\u00fcr 4 Portionen<br \/>\nSaftiges Gulasch pikant gew\u00fcrzt<br \/>\nMit einer w\u00fcrzig deftigen Sauce<br \/>\nOhne geschmacksverst\u00e4rkende Zusatzstoffe und ohne Farbstoffe<br \/>\nSchnelle und einfache Zubereitung<br \/>\n<div class=\"main-cross-sell\" data-asin=\"B07Z8FKXQ7\">\n\n\t<div class=\"WooZone-cross-sell-loader\">\n\t\t<div>\n\t\t\t<div id=\"floatingBarsG\">\n\t\t\t\t<div class=\"blockG\" id=\"rotateG_01\"><\/div>\n\t\t\t\t<div class=\"blockG\" id=\"rotateG_02\"><\/div>\n\t\t\t\t<div class=\"blockG\" id=\"rotateG_03\"><\/div>\n\t\t\t\t<div class=\"blockG\" id=\"rotateG_04\"><\/div>\n\t\t\t\t<div class=\"blockG\" id=\"rotateG_05\"><\/div>\n\t\t\t\t<div class=\"blockG\" id=\"rotateG_06\"><\/div>\n\t\t\t\t<div class=\"blockG\" id=\"rotateG_07\"><\/div>\n\t\t\t\t<div class=\"blockG\" id=\"rotateG_08\"><\/div>\n\t\t\t<\/div>\n\t\t\t<div class=\"WooZone-cross-sell-loader-text\"><\/div>\n\t\t<\/div>\n\t<\/div>\n\n\t\t\n<\/div>\n<div style=\"clear:both;\"><\/div>\n","protected":false},"excerpt":{"rendered":"Knorr Fix paprika-gulasch Ungarische Art f\u00fcr 4 Portionen\nSaftiges Gulasch pikant gew\u00fcrzt\nMit einer w\u00fcrzig deftigen Sauce","protected":false},"featured_media":10153,"comment_status":"open","ping_status":"closed","template":"","meta":[],"product_cat":[60,57],"product_tag":[],"_links":{"self":[{"href":"https:\/\/food-shop.org\/index.php?rest_route=\/wp\/v2\/product\/10152"}],"collection":[{"href":"https:\/\/food-shop.org\/index.php?rest_route=\/wp\/v2\/product"}],"about":[{"href":"https:\/\/food-shop.org\/index.php?rest_route=\/wp\/v2\/types\/product"}],"replies":[{"embeddable":true,"href":"https:\/\/food-shop.org\/index.php?rest_route=%2Fwp%2Fv2%2Fcomments&post=10152"}],"wp:featuredmedia":[{"embeddable":true,"href":"https:\/\/food-shop.org\/index.php?rest_route=\/wp\/v2\/media\/10153"}],"wp:attachment":[{"href":"https:\/\/food-shop.org\/index.php?rest_route=%2Fwp%2Fv2%2Fmedia&parent=10152"}],"wp:term":[{"taxonomy":"product_cat","embeddable":true,"href":"https:\/\/food-shop.org\/index.php?rest_route=%2Fwp%2Fv2%2Fproduct_cat&post=10152"},{"taxonomy":"product_tag","embeddable":true,"href":"https:\/\/food-shop.org\/index.php?rest_route=%2Fwp%2Fv2%2Fproduct_tag&post=10152"}],"curies":[{"name":"wp","href":"https:\/\/api.w.org\/{rel}","templated":true}]}}