{"id":10097,"date":"2020-09-01T11:43:05","date_gmt":"2020-09-01T11:43:05","guid":{"rendered":"https:\/\/food-shop.org\/?product=knorr-fix-paprika-nudel-auflauf-mit-hackfleisch-38g"},"modified":"2023-04-08T17:09:22","modified_gmt":"2023-04-08T17:09:22","slug":"knorr-fix-paprika-nudel-auflauf-mit-hackfleisch-38g","status":"publish","type":"product","link":"https:\/\/food-shop.org\/?product=knorr-fix-paprika-nudel-auflauf-mit-hackfleisch-38g","title":{"rendered":"Knorr Fix Paprika Nudel Auflauf mit Hackfleisch, 38g"},"content":{"rendered":"<p><!-- show up to 2 reviews by default --> <\/p>\n<h3>Produktbeschreibung<\/h3>\n<p>Knorr Familien-Fix Paprika Nudel Auflauf mit Hackfleisch kombiniert beliebte Zutaten und ist das perfekte Familiengericht. Mit den Knorr Fix Produkten begeistern Sie Ihre ganze Familie mit Leichtigkeit: Die beliebte W\u00fcrzbasis sorgt f\u00fcr einen authentischen Geschmack der Gerichte und spart wertvolle Zeit beim W\u00fcrzen und Abschmecken. Ganz einfach bereiten Sie damit k\u00f6stliche Mahlzeiten zu \u2013 auch ohne Kocherfahrung. Die Zugabe von frischen Zutaten bringt Frische auf den Teller und erm\u00f6glicht eine Vielzahl an Variationen der Gerichte. Damit erhalten Sie viele herzhafte Rezeptideen rund um Fleisch, Fisch, Nudeln, Reis oder Gem\u00fcse \u2013 ohne Farbstoffe, geschmacksverst\u00e4rkende Zusatzstoffe und Konservierungsstoffe. Fix gemacht und einfach lecker! Kennen Sie schon die vielen weiteren Produkte von Knorr? Dank unserer Fix-Produkte, Br\u00fchen, Saucen, Fertiggerichten, Suppen und Salatdressings gelingt jedes Gericht garantiert mit wenigen Handgriffen. Schnell und einfach erhalten so authentische Mahlzeiten ihren typischen Geschmack \u2013 egal, ob abwechslungsreiche vegetarische oder vegane K\u00fcche, herzhafte Fleischgerichte oder leckere Gem\u00fcsevariationen. Dabei ist es die Komposition ausgew\u00e4hlter hochwertiger Zutaten, die jedes Knorr Produkt besonders macht. Knorr verarbeitet nur sorgf\u00e4ltig schonend getrocknete Zutaten, denn das Trocknen ist eine der \u00e4ltesten Methoden, um Lebensmittel nat\u00fcrlich haltbar zu machen. Da der Geschmack und die N\u00e4hrstoffe der frischen Zutaten weitgehend erhalten bleiben, passen Lebensmittel aus getrockneten Zutaten perfekt in unseren stressigen Alltag. Essen mit Knorr ist unkompliziert und sorgt dar\u00fcber hinaus f\u00fcr ein gutes Gef\u00fchl: \u00dcber 90 Prozent der Zutaten kommen heute schon aus nachhaltigem Anbau. Denn wir bei Knorr glauben, dass die Verwendung nachhaltig angebauter und beschaffter Zutaten einen gro\u00dfen Unterschied f\u00fcr den Geschmack unserer Produkte, das Wohlbefinden der Landwirte und die Zukunft des Planeten macht. Knorr \u2013 Geschmack mit gutem Gef\u00fchl. <\/p>\n<h3>Inhaltsstoffe \/ Zutaten<\/h3>\n<p>Zutaten: Tomatenpulver\u00b3, WEIZENMEHL, jodiertes Speisesalz, St\u00e4rke, Zucker, Zwiebeln\u00b3, W\u00fcrze, 1,5% Knoblauch\u00b3, Paprika\u00b3, Maiskeim\u00f6l, Hefeextrakt, Rosmarin, Oregano\u00b3, Majoran, Thymian\u00b3. \u00b3 aus nachhaltigem Anbau Kann Spuren von Milch, Ei, Soja, Sellerie und Senf enthalten. <\/p>\n<div data-a-expander-name=\"toggle_description\" class=\"a-row a-expander-container a-expander-extend-container\">\n<div class=\"a-expander-content a-expander-extend-content\">\n<h3>Gebrauchsanweisung<\/h3>\n<p>Frisch dazu geben: 500 g Paprika (rot + gelb), 250 g tiefgek\u00fchlte Erbsen, 200 g Vollkornnudeln, 150 g mageres Hackfleisch vom Rind, 40 g geriebenen K\u00e4se und 100 ml Kochcreme mit pflanzlichen Fetten (7% Fett) Zubereitung: 1) Paprika putzen und in kleine W\u00fcrfel schneiden. Hackfleisch in 1 EL \u00d6l 3 Minuten anbraten. Paprika hinzuf\u00fcgen und weitere 3 Minuten braten. 2) 350 ml Wasser, Kochcreme, Erbsen und Nudeln hinzuf\u00fcgen. Den Beutelinhalt zugeben, unter R\u00fchren aufkochen und 1 Minute kochen. 3) Alles in eine Auflaufform geben und den K\u00e4se dar\u00fcber streuen. Im vorgeheizten Backofen 30 Minuten bei 200\u00b0C (Umluft: 175\u00b0C) backen. <\/p>\n<h3>Warnhinweise<\/h3>\n<p>Nein <\/p>\n<h3>Anschrift Hersteller\/Importeur<\/h3>\n<p>Unilever Deutschland, Postfach 570 237, 22771 Hamburg <\/p>\n<\/p><\/div>\n<p> <a href=\"void(0)\" data-action=\"a-expander-toggle\" class=\"a-expander-header a-declarative a-expander-extend-header\" data-a-expander-toggle=\"{\"><i class=\"a-icon a-icon-extender-expand\"><\/i><span class=\"a-expander-prompt\">Weitere Informationen<\/span><\/a> <\/div>\n<p>Familien Fix f\u00fcr Paprika Nudel Auflauf mit Hackfleisch f\u00fcr 4 Portionen<br \/>\nGelingt garantiert und schmeckt der ganzen Familie<br \/>\nMit nachhaltig angebauten Zutaten<br \/>\nOhne geschmacksverst\u00e4rkende Zusatzstoffe, ohne Konservierungs- und Farbstoffe<br \/>\nSchnelle und einfache Zubereitung<br \/>\n<div class=\"main-cross-sell\" data-asin=\"B07Z8F6VSV\">\n\n\t<div class=\"WooZone-cross-sell-loader\">\n\t\t<div>\n\t\t\t<div id=\"floatingBarsG\">\n\t\t\t\t<div class=\"blockG\" id=\"rotateG_01\"><\/div>\n\t\t\t\t<div class=\"blockG\" id=\"rotateG_02\"><\/div>\n\t\t\t\t<div class=\"blockG\" id=\"rotateG_03\"><\/div>\n\t\t\t\t<div class=\"blockG\" id=\"rotateG_04\"><\/div>\n\t\t\t\t<div class=\"blockG\" id=\"rotateG_05\"><\/div>\n\t\t\t\t<div class=\"blockG\" id=\"rotateG_06\"><\/div>\n\t\t\t\t<div class=\"blockG\" id=\"rotateG_07\"><\/div>\n\t\t\t\t<div class=\"blockG\" id=\"rotateG_08\"><\/div>\n\t\t\t<\/div>\n\t\t\t<div class=\"WooZone-cross-sell-loader-text\"><\/div>\n\t\t<\/div>\n\t<\/div>\n\n\t\t\n<\/div>\n<div style=\"clear:both;\"><\/div>\n","protected":false},"excerpt":{"rendered":"Familien Fix f\u00fcr Paprika Nudel Auflauf mit Hackfleisch f\u00fcr 4 Portionen\nGelingt garantiert und schmeckt der ganzen Familie\nMit nachhaltig angebauten Zutaten","protected":false},"featured_media":10098,"comment_status":"open","ping_status":"closed","template":"","meta":[],"product_cat":[60,57],"product_tag":[],"_links":{"self":[{"href":"https:\/\/food-shop.org\/index.php?rest_route=\/wp\/v2\/product\/10097"}],"collection":[{"href":"https:\/\/food-shop.org\/index.php?rest_route=\/wp\/v2\/product"}],"about":[{"href":"https:\/\/food-shop.org\/index.php?rest_route=\/wp\/v2\/types\/product"}],"replies":[{"embeddable":true,"href":"https:\/\/food-shop.org\/index.php?rest_route=%2Fwp%2Fv2%2Fcomments&post=10097"}],"wp:featuredmedia":[{"embeddable":true,"href":"https:\/\/food-shop.org\/index.php?rest_route=\/wp\/v2\/media\/10098"}],"wp:attachment":[{"href":"https:\/\/food-shop.org\/index.php?rest_route=%2Fwp%2Fv2%2Fmedia&parent=10097"}],"wp:term":[{"taxonomy":"product_cat","embeddable":true,"href":"https:\/\/food-shop.org\/index.php?rest_route=%2Fwp%2Fv2%2Fproduct_cat&post=10097"},{"taxonomy":"product_tag","embeddable":true,"href":"https:\/\/food-shop.org\/index.php?rest_route=%2Fwp%2Fv2%2Fproduct_tag&post=10097"}],"curies":[{"name":"wp","href":"https:\/\/api.w.org\/{rel}","templated":true}]}}